r of 4 and o?
4
Let q = 4 - 8. Let d be (-58)/q + (-1)/2. Let p be ((-280)/(-12))/((-1)/(-3)). What is the highest common factor of p and d?
14
Let u = 11 + -9. Let l = u + 4. Calculate the greatest common divisor of 3 and l.
3
Let r be (5 + -13)/((-2)/4). Calculate the greatest common divisor of r and 64.
16
Let n = 17 - 0. Let w = 16 + 35. Calculate the greatest common divisor of n and w.
17
Let f(k) = k**3 + 5*k**2 - k - 3. Let q be f(-3). Calculate the highest common divisor of q and 90.
18
Let f(z) = z + 24. Let k be f(-14). Let y be 2196/10 - (-4)/k. What is the highest common divisor of 20 and y?
20
Let g = 17 - 12. Suppose g*p = 2 + 13. Let t = -12 + 15. What is the highest common factor of t and p?
3
Let w be (-468)/(-21) - (-2)/(-7). Calculate the greatest common factor of 33 and w.
11
Let c(i) = -i**2 - 2*i + 6. Let h be c(-7). Let j(o) = -4*o**2 - o. Let g be j(2). Let f = g - h. What is the greatest common factor of f and 33?
11
Let c(d) = d**3 - 4*d**2 - 4*d - 1. Let p be c(5). Let n = -7 + 9. What is the highest common factor of p and n?
2
Let h be 6517/76 - (-3)/(-4). Calculate the highest common factor of h and 17.
17
Suppose 2*v - 3*v + 3*s = -14, 5*v + s - 22 = 0. Suppose -5 = 4*b - 3*b + 2*o, 5*b = -v*o - 10. Let g = b - -5. What is the greatest common divisor of 54 and g?
6
Let u be (-364)/18 - 4/(-18). Let k be (78/4)/((-15)/u). Let n = -6 + 19. Calculate the greatest common factor of n and k.
13
Let r = 118 + -48. Let i = r - 37. What is the highest common divisor of i and 22?
11
Let o = -197 + 344. Suppose 4*b = o + 93. Let u be 19*2 - (-6)/3. Calculate the greatest common factor of b and u.
20
Suppose -j = -y, 3*y + j - 25 = -y. What is the greatest common divisor of y and 40?
5
Suppose -3*w - 2*w = -35. Calculate the highest common divisor of 28 and w.
7
Suppose 3*o + 6 = 5*o. Suppose j = -l + 23 + 21, o*l + 28 = j. What is the highest common factor of 16 and j?
8
Suppose 56 = 4*f + 4*r, -f + 2*r + 14 = 6*r. Let d = f + 106. Calculate the highest common factor of d and 15.
15
Let s(m) = m**3 + 3*m**2 - m. Let l be s(-3). Suppose 5*j - 100 = -l*x - 0*j, -136 = -3*x + 4*j. Calculate the greatest common factor of 16 and x.
8
Let z = -26 + 42. Let n = z + -4. What is the greatest common divisor of n and 4?
4
Suppose 0 = -3*g - u + 37 + 14, -17 = -g + 3*u. Suppose -1 = 4*r - g. What is the greatest common divisor of 10 and r?
2
Suppose 0 = -0*i + 4*i - 12, 5*v + i - 348 = 0. Suppose -5*w + 28 = b, 3*b - 5*b + 3*w = -v. What is the greatest common factor of b and 3?
3
Let v(o) = o**2 - 5*o - 8. Let z be v(7). What is the highest common divisor of z and 2?
2
Let q(m) = m**3 + 10*m**2 - 8*m - 2. Let c be q(-11). Let o = c + 62. Calculate the highest common factor of 54 and o.
27
Let c = 21 - 17. Suppose -177 + 486 = c*m + 5*j, j + 165 = 2*m. Calculate the greatest common factor of m and 27.
27
Suppose -21 = -5*w + 4, 2*w = -5*k + 10. Suppose k = g - 2*p - 11, 5*g - 2*p = -6*p + 69. Calculate the highest common factor of 117 and g.
13
Suppose 4*u - 10*u = -24. Suppose 4*h = -3*w + 111, -u*h - 59 = -3*w - 164. Calculate the highest common factor of h and 9.
9
Let l(u) = 5*u**2 + 13*u + 10. Let q be l(-6). What is the greatest common divisor of 14 and q?
14
Let b(z) = z**2 + 2*z - 8. Let n be b(-6). Let j = -71 + 119. Suppose -80 = -5*m + 2*o - 4*o, j = 3*m - o. Calculate the highest common factor of m and n.
16
Suppose 4*m + 3*d - 119 = 0, 5*d + 175 = 5*m - 0*d. Calculate the greatest common divisor of m and 4.
4
Suppose 5*y + 63 = 243. Calculate the highest common factor of 9 and y.
9
Suppose n + 2 - 4 = -2*w, 3*n + 5*w - 7 = 0. Suppose 5*r = n*t + 24, -4*r - r - t + 44 = 0. Calculate the highest common factor of 12 and r.
4
Let h(c) = -c**3 + 50. Let b be h(0). Let k(m) = 5*m**2 - 2*m - 3. Let l be k(4). Let d = l + -49. Calculate the greatest common divisor of d and b.
10
Let y(r) = r**2 + 5*r - 7. Let g(m) = 2*m**2 + 9*m - 13. Let c(u) = 3*g(u) - 5*y(u). Let s be c(-5). What is the greatest common divisor of 33 and s?
11
Let n be 4 + 1/(2/(-2)). Suppose -4*l - 15 + 123 = 0. Calculate the greatest common divisor of l and n.
3
Let h = 6 + -4. Let s(u) = 2*u**2 + u**3 + 5*u + 1 - 7*u**h + 1. Let d be s(4). Calculate the greatest common divisor of d and 66.
6
Suppose -7*k = -w - 3*k - 13, -16 = -4*k. Suppose -3*h - 147 = -w*t, -t = 4*t + 5*h - 295. Suppose j - t = -0*j. What is the greatest common factor of j and 6?
6
Let i(l) = 21*l**2 - 2*l. Let q be i(2). Calculate the highest common factor of 20 and q.
20
Suppose -3*q + 188 = -5*l, 2*l + 3*l - 260 = -5*q. Calculate the highest common divisor of q and 70.
14
Suppose 0 = 6*h - 237 - 225. What is the greatest common factor of 11 and h?
11
Suppose -3*i + s - 8 = -8*i, s = -i. Let w(r) = -i*r + 4 + r**2 - 4*r + 5*r. Let t be w(8). What is the greatest common divisor of 40 and t?
20
Let d(j) = j**3 - 13*j**2 + 11*j + 17. Let u be d(12). Calculate the highest common divisor of 5 and u.
5
Let f be (-80)/(-2)*(-1 + (-11)/(-5)). Calculate the greatest common divisor of f and 8.
8
Let y = 27 - 7. Suppose 0 = 6*f - 44 - 4. Calculate the greatest common factor of y and f.
4
Suppose 110 = s + 9*s. Calculate the highest common divisor of s and 121.
11
Suppose 7 + 61 = 2*m - 2*f, -2*m = -5*f - 65. Calculate the greatest common factor of 5 and m.
5
Let q(b) = -2*b**2 - 7*b - 8. Let o(r) = -5*r**2 - 15*r - 17. Let i(c) = -6*o(c) + 13*q(c). Let m be i(-2). What is the highest common divisor of m and 16?
16
Let g = 1 + 1. Let p(h) = h - 3. Let m be p(5). Suppose 4*y = 2*y - m*o + 26, 0 = 5*y + 2*o - 68. What is the greatest common divisor of g and y?
2
Let r(t) = t**2 - 8*t - 1. Let u be r(9). Suppose 0 = 3*n + 5 - 2. Let w be 7 - 4 - (n - u). Calculate the greatest common factor of w and 3.
3
Let m be (-4)/(-14) - 1170/(-21). Let s = 7 + -7. Let b be 7 + s/((-8)/4). Calculate the highest common factor of m and b.
7
Suppose 4*y + 10 = 6*y. Calculate the highest common factor of 10 and y.
5
Let y(m) = m**2 + 5*m + 7. Let u be y(-7). What is the greatest common factor of 63 and u?
21
Let a(s) = s**2 + 12*s + 9. Let q be a(-12). Calculate the greatest common divisor of q and 18.
9
Let g = -155 + 158. Calculate the highest common divisor of 3 and g.
3
Let x = 110 + -94. Calculate the greatest common divisor of 256 and x.
16
Let f(t) = t - 45. Let l be f(0). Let y(i) = i + 6. Let d be y(-4). Let o be (l/d)/3*-10. Calculate the highest common factor of o and 30.
15
Suppose w - 3*o - 205 = 0, -2*w - 3*o = -w - 235. What is the greatest common divisor of w and 20?
20
Let l(j) = j**2 - 7*j - 3. Let h be l(7). Let q = 14 + h. What is the greatest common factor of q and 121?
11
Suppose -28 = -0*d - 4*d. Suppose d*s - 3*s + 6 = -5*j, 0 = 2*j - 2*s - 12. Suppose -j*r + 10 = -0*r. Calculate the greatest common divisor of r and 20.
5
Let l(v) = v**2 - 9*v + 10. Let s be l(8). Suppose s*r - 4*r + 15 = 3*z, 4*r + 4*z - 32 = 0. What is the greatest common factor of r and 99?
9
Suppose -2*a - n + 11 = -1, n = -4*a + 20. Let p = a + 0. Suppose -3*o + 19 = -11. What is the greatest common divisor of p and o?
2
Suppose 3*a = -2*a + 15. Suppose 540 = a*u - 0*u. What is the highest common factor of 20 and u?
20
Suppose 7 - 25 = -3*x + 3*h, -14 = x - 5*h. What is the highest common factor of x and 88?
11
Let p be -2 - 52/8*-4. Suppose -2*h = -5*n - 2 - 74, h = -n + p. What is the greatest common factor of h and 308?
28
Let j = 79 + -53. Let f be 6 - 1 - (0 + -1). Suppose 2*n = -8*a + f*a + 72, 0 = 2*n + 4*a - 66. What is the greatest common divisor of n and j?
13
Let a be (-6)/(-3) + -2 + 3. Let p(j) = 2*j - 3. Let k be p(3). Suppose -k*m = -q - 72, 4*q + q = -5*m + 120. What is the greatest common divisor of a and m?
3
Let m(g) be the second derivative of -g + 1/2*g**2 - 5/6*g**3 - 1/12*g**4 + 0. Let p be m(-5). What is the highest common factor of 7 and p?
1
Let j be 147/9 - 1/3. Suppose 4*u + 2*n - 29 = -n, 0 = -4*n - 4. Calculate the greatest common factor of u and j.
8
Let p(i) = -17*i + 3. Let u be p(-3). Suppose 5*y + u = 14. Let v be (y - 13)/((-6)/4). What is the greatest common divisor of 14 and v?
14
Suppose -9*b + 11 + 277 = 0. What is the highest common factor of 8 and b?
8
Let r = -92 - -162. What i